 g(v) = -n(v) + u(v). Determine g(w).
-12
Let c = 8 - 13. Let p(q) = -5*q - 7. Let x(m) = 9*m + 14. Let u(j) = -7*p(j) - 4*x(j). What is u(c)?
-2
Suppose -2*q = 5*d - 0*q - 32, 0 = 2*q - 2. Let r(a) be the third derivative of -a**4/12 + 4*a**3/3 + a**2. What is r(d)?
-4
Let n(q) = -10*q**2 + 22*q - 6. Let k(s) = -7*s**2 + 15*s - 4. Let w(c) = -7*k(c) + 5*n(c). Let f be w(4). Let r(z) = -14 - 9*z + f*z + 13 + z. Calculate r(1).
-7
Let v(f) = f**2 + 10*f - 7. Suppose -3*l = -4*l + 22. Let i = 12 - l. Calculate v(i).
-7
Let k = -80 + 78. Let v(m) = -m**3 + 0*m**2 + 5 + 2*m**3 + 3*m**2 - 4 - m. Calculate v(k).
7
Let j(l) = -17*l**2 + 5*l - 19. Let r(d) = 3*d**2 - d + 1. Let p(h) = -j(h) - 6*r(h). Determine p(6).
-17
Let v = 1275 - 1283. Let u(k) = 4*k**2 + 5*k + 1 - 5*k**3 + 5*k**2 + 6*k**3. Give u(v).
25
Let w(r) be the first derivative of r**2/2 - 2*r + 1. Suppose 5*a = 1 + 14. Suppose -a - 13 = 4*s. Determine w(s).
-6
Let v = 141 - 145. Let j(a) = -2*a - 2. Give j(v).
6
Let u(q) = -q - 4. Let a = -317 - -308. Give u(a).
5
Let z be (-3)/((12/104)/1). Let a = 29 + z. Let h be (-3)/(a - 96/28). Let w(b) = -b + 9. Give w(h).
2
Let a(k) = k - 26. Let m be 4*-3*(-6)/12 + 16. Calculate a(m).
-4
Let a(b) = 20*b + 12. Let x(p) = -42*p - 26. Let q(u) = 13*a(u) + 6*x(u). Determine q(-3).
-24
Let f(c) = -3*c**2 + 179*c + 55. Let d(b) = -2*b**2 + 128*b + 37. Let r(o) = 7*d(o) - 5*f(o). Suppose -3*n - q + 4 = 0, 0*q = q - 4. Give r(n).
-16
Let g(f) = -f + 8. Suppose 4*s = 7*s - 33. Suppose 0*p + 5*p = 2*m - s, -2*m - 4*p + 20 = 0. Calculate g(m).
0
Let f(h) = h**2 + 10*h + 10. Suppose 0 = -k - 3*k + 3*p + 41, 0 = -5*p - 15. Suppose -8*n = -9*n - k. Give f(n).
-6
Let z(l) = -l**3 + 5*l**2 + 2*l - 4. Let d(f) = f**2 - 4*f - 3. Let a be d(-2). Let v be (-8 + a)*(-11)/(-1). Suppose -2*i + v - 1 = 0. Give z(i).
6
Let u = -5 - -3. Let v be 1*(2 + (-5 - u)). Let a(n) = 6*n**3 + 2*n**2 - 1. Determine a(v).
-5
Suppose -3*x + 48 = l, x + 172 = 3*l + 3*x. Let n be 46/10 + (-36)/l. Let s(g) = -4*g**2 - g**2 + 6*g**2 + 3 - 3*g. What is s(n)?
7
Let b = -8 - -10. Let g(n) be the second derivative of n**3 + n**2 + 2*n. Give g(b).
14
Suppose -6 = 2*g + 2*u - 3*u, 3*g - 2*u = -11. Let z(m) = -4*m**2 - 4*m - 4. Give z(g).
-4
Let u(b) = -7*b**2 + 3*b - 3. Let k(i) be the second derivative of 1/2*i**4 - 3*i - 1/3*i**3 + i**2 + 0. Let s(c) = 6*k(c) + 5*u(c). Calculate s(2).
7
Let t(v) = 8*v**3 + 2*v**2 - v. Let m = -105 + 106. What is t(m)?
9
Let t(y) be the second derivative of -2*y**2 + 0 - 52*y - 1/3*y**4 + 1/20*y**5 + 1/2*y**3. Calculate t(4).
8
Let p(b) = 9*b**3 + 2*b**2 + 16*b + 4. Let w(a) = -5*a**3 - a**2 - 9*a - 2. Let j(k) = 4*p(k) + 7*w(k). What is j(2)?
16
Let s(u) = -6 - 56*u**2 - 3 - 11*u + 55*u**2. Give s(-13).
-35
Let l(w) = -w**3 + 6*w**2 - 2*w + 7. Let o be (2 - (-6)/(-4))/(1/132). Suppose -24 = 7*n - o. Give l(n).
-5
Let z = -472 - -462. Let d(y) = y**2 + 7*y - 30. Calculate d(z).
0
Let s(c) be the first derivative of c**3/3 + 9*c**2/2 + 4*c + 120. What is s(-8)?
-4
Let o(r) be the second derivative of 7*r**4/12 + r**3/3 + r**2/2 - 329*r. Calculate o(-1).
6
Let i be -14*(1 - 9/7). Let o(n) = -7*n**2 + 7*n**2 + 5 + 0*n - 2*n + n**2. Determine o(i).
13
Let z(h) = -4*h - 27. Let s be z(-8). Let l(q) = -4*q - 20. Let i be l(-6). Let a(v) = -3 - i*v + 2*v + 6*v - 5*v. Calculate a(s).
-8
Let g be ((-110)/(-33) + 2*-1)*-3. Let z(m) = m - 6. Determine z(g).
-10
Let v(s) = -176*s**2 + 9*s - 13. Let a(o) = 43*o**2 - 2*o + 3. Let j(f) = 9*a(f) + 2*v(f). Calculate j(-1).
36
Let d(l) = -l**3 - 11*l**2 - 9*l + 7. Suppose 0 = -4*z - 0 - 24. Let f be (45/z)/((-15)/(-20)). Let q be d(f). Let w(h) = h**3 + 2*h**2 - 3*h - 2. Give w(q).
-2
Let l(n) be the third derivative of n**4/8 + 23*n**3/6 - 7*n**2 + 42. Give l(-13).
-16
Let j(u) be the third derivative of -u**5/60 + u**4/4 - u**3/2 - 59*u**2. Determine j(6).
-3
Let q(n) = -n - 1. Let r be q(0). Let s(t) = -14*t - 1. Give s(r).
13
Let g(a) = 13*a**3 - 24*a**2 - 8*a - 7. Let n(h) = 8*h**3 - 16*h**2 - 6*h - 5. Let t(f) = 5*g(f) - 8*n(f). Suppose 4*j = -j - 35. Give t(j).
-2
Suppose 0 = -3*w - 0*x + 5*x + 40, -w - 5*x = 20. Suppose -3 = b + w. Let g(v) = -v**3 - 9*v**2 - 7*v + 8. Calculate g(b).
0
Suppose 3*p = p + 82. Let b = 47 - p. Let r(f) = f - 4. What is r(b)?
2
Let k = -149 - -143. Let v(c) = -c**3 - 7*c**2 - 6*c - 7. Calculate v(k).
-7
Let d be ((-4)/(-10))/(42/20 + -2). Let k(n) be the first derivative of 4*n - 1/2*n**2 - d. What is k(0)?
4
Suppose -50*k + 45*k + x = 99, -k - 22 = 2*x. Let i(r) = -r**2 - 21*r - 14. What is i(k)?
6
Suppose 4 = -39*w + 41*w. Let r(o) be the first derivative of -1/3*o**3 + o - 5 - 3*o**w. Give r(-6).
1
Let h(u) = 5*u - 2. Let v(y) = 9*y - 2. Suppose -5*i + 4*z = -23, -7*z + 2*z - 13 = -4*i. Let q(k) = i*h(k) - 4*v(k). Let d = 14 - 8. Determine q(d).
-12
Let g(z) be the second derivative of -5*z**4/6 - z**3/3 - z**2/2 - 2*z. Suppose 9*h = 14*h - 45. Let u be h/(-3) + 2 + 0. What is g(u)?
-9
Let c(k) = -5*k + 1. Let f(w) be the second derivative of 3*w**3/2 - w**2 + 4*w. Let n(p) = -7*c(p) - 4*f(p). What is n(5)?
-4
Let h be (-2)/(-9) + 1655/45. Let n = -34 + h. Let r(y) = y**n + 3 + 27*y + 3*y**2 + 0*y**3 - 23*y. Determine r(-2).
-1
Suppose 5*p - 13 = g, -16*g - 5 = -p - 17*g. Let x(j) be the third derivative of -4*j**2 + 1/20*j**5 + 0*j + 1/12*j**4 + 0 - 1/3*j**p. Give x(-2).
6
Let a(y) = -y + 3*y**2 - 3 - 2*y**2 + 0*y**2. Give a(-3).
9
Let i(v) = -2*v. Let x be (-95 + 3)*3/(-6). Let k = x + -23. Let p = 24 - k. What is i(p)?
-2
Let c(b) = -b**3 + 6*b**2 - 7*b + 5. Let j be 4/6 + (-70)/6. Suppose v = 3*i + 31, -v + 6 = 9*i - 7*i. Let h = j + v. Determine c(h).
-5
Let h be -3*50/(-45) - 4/(-6). Suppose 11 = -w + h. Let o(y) = 1 + 7*y**2 + 10 + y**3 - 4 + 2*y. Calculate o(w).
-7
Let t(k) = -2*k**2 - 50*k + 5. Let c be t(-25). Let p(u) be the second derivative of -1/12*u**4 + c*u + 3/2*u**2 + 0 + 5/6*u**3. Determine p(6).
-3
Let d(j) = -j + 1. Let r(w) = w - 6. Let g be r(7). Let u be (-1 + g - -3)*-1. Let c = u - 2. Calculate d(c).
6
Let j(i) = -3*i + 0 - 2 + 2*i + 1. Let l(f) = 5*f + 13. Let s(w) = -6*j(w) - l(w). Give s(7).
0
Let r(u) = 2*u**3 + 14*u**2 + 1. Let j = -116 + 109. What is r(j)?
1
Let s(d) = d**3 + 4*d**2 - 6*d + 6. Let r(w) = -w**2 - w + 15. Let x be r(4). Calculate s(x).
11
Let t(s) be the third derivative of s**5/60 + 3*s**4/8 + s**3 + 6*s**2 + 65*s. Determine t(-8).
-2
Let f = 51 - 36. Let q = -19 + f. Let m(g) = -4*g**2 + 0*g**3 - g**3 + 0*g**2. What is m(q)?
0
Let g(f) = -f**2 + 4*f + 1. Let p be 7 - (3 + -11)*(-2)/4. Give g(p).
4
Suppose 38*i = 41*i - 6. Suppose -6 - 4 = 3*v + 2*l, 4*l = i*v + 12. Let a(m) = -4 + 0*m**2 + 1 - 3*m + m**3 + 3*m**2. What is a(v)?
-7
Let n be (-6)/(-4)*4/6. Let z(t) = 2*t**3 - 23 - 5*t**3 + 23 - 2*t**3 - t. What is z(n)?
-6
Let w(g) = -g**3 + g**2 - 1. Let r(n) be the first derivative of n**2 + 48. Suppose -3*i + 0*i = -3. Let k be r(i). Calculate w(k).
-5
Let u(i) = -4*i + 22 - 40 + 22. Let b(n) = n**3 - 8*n**2 + 4. Let m be b(8). Suppose 3 = -m*l - 9. Give u(l).
16
Let n(t) be the third derivative of t**5/60 - t**4/24 - 58*t**2. Give n(1).
0
Let v(p) be the third derivative of -p**6/120 - 7*p**5/60 - p**4/4 + 2*p**3/3 - p**2 - 95. Determine v(-6).
4
Suppose -2*c + 2 = -2*h, h - 20 = -2*c - 3. Let v(b) = -1 - 12*b + 2*b - 14*b + c*b. Determine v(1).
-19
Let s(d) = -d**2 + 6*d + 3. Let b(n) = n**3 + 7*n**2 - 9*n + 11. Let p be b(-8). Suppose 2*c - 14 = -4. Suppose p + c = 4*h. Calculate s(h).
3
Suppose 2*q - 4*q = -5*o - 56, -2*o - 11 = 3*q. Let i be (-12)/o*(-80)/32. Let t(s) = -s**3 - 2*s**2 + 3*s - 2. Calculate t(i).
-2
Let n(o) be the third derivative of -o**7/2520 + o**6/360 + 19*o**5/60 - 8*o**2. Let x(u) be the third derivative of n(u). Calculate x(5).
-8
Let g(y) be the first derivative of 5*y + 14 + 1/3*y**3 + 5*y**2. Determine g(-9).
-4
Let y(t) be the first derivative of -t**5/10 - t**4/12 + t**3/6 - t**2 - 20*t + 32. Let a(s) be the first derivative of y(s). Determine a(2).
-20
Let x(y) be the third derivative of y**7/2520 - y**6/144 + y**5/20 + y**4/6 + 10*y**2. Let s(i) be the second derivative of x(i). Give s(4).
2
Let d be 1/3 - (-11)/3. Let j(l) be the first derivative of -l**3/3 + 3*l**2/2 - 4*l - 959. What is j(d)?
-8